{"id":11304,"date":"2022-03-01T09:25:54","date_gmt":"2022-03-01T09:26:04","guid":{"rendered":"http:\/\/collall.test\/product\/colorall-tempera-blocke\/"},"modified":"2022-12-06T10:43:33","modified_gmt":"2022-12-06T10:43:33","slug":"colorall-tempera-blocke","status":"publish","type":"product","link":"https:\/\/collall.nl\/de\/product\/colorall-tempera-blocke\/","title":{"rendered":"Colorall Tempera Bl\u00f6cke"},"content":{"rendered":"<p>Hoch pigmentierte Farbbl\u00f6cke zum Malen ohne Geklecker. Sehr preisg\u00fcnstige, qualitativ gute und ergiebige Plakatfarbe. Durch Hinzuf\u00fcgung von Wasser entsteht mithilfe eines Pinsels oder Schwammpinsels eine sch\u00f6ne, optimal deckende Farbe.<\/p>\n<p>Das Collall-Sortiment bietet auch praktische stapelbare Farbschalen, mit denen die Farbbl\u00f6cke einfach, sauber und platzsparend aufbewahrt werden k\u00f6nnen. In der speziellen Regenbogenschale k\u00f6nnen Sie die Paintpucks aufrecht platzieren. So k\u00f6nnen Sie mit einem einzigen (Schwamm-) Pinselstrich mit 4 verschiedenen Farben gleichzeitig einen Regenbogen, Blumen und andere Kreationen malen.<\/p>\n<p>&nbsp;<\/p>\n<p><a href=\"https:\/\/www.youtube.com\/watch?v=g0vv8zQswj0\" target=\"_blank\" rel=\"noopener\"><img loading=\"lazy\" decoding=\"async\" class=\"alignnone wp-image-23262 size-medium\" src=\"http:\/\/collall.nl\/wp-content\/uploads\/2022\/03\/thumbnail-Rainbow-flower-tempera-300x169.jpg\" alt=\"Colorall verblokken\" width=\"300\" height=\"169\" srcset=\"https:\/\/collall.nl\/wp-content\/uploads\/2022\/03\/thumbnail-Rainbow-flower-tempera-300x169.jpg 300w, https:\/\/collall.nl\/wp-content\/uploads\/2022\/03\/thumbnail-Rainbow-flower-tempera-1024x576.jpg 1024w, https:\/\/collall.nl\/wp-content\/uploads\/2022\/03\/thumbnail-Rainbow-flower-tempera-768x432.jpg 768w, https:\/\/collall.nl\/wp-content\/uploads\/2022\/03\/thumbnail-Rainbow-flower-tempera-1536x864.jpg 1536w, https:\/\/collall.nl\/wp-content\/uploads\/2022\/03\/thumbnail-Rainbow-flower-tempera-420x236.jpg 420w, https:\/\/collall.nl\/wp-content\/uploads\/2022\/03\/thumbnail-Rainbow-flower-tempera-600x338.jpg 600w, https:\/\/collall.nl\/wp-content\/uploads\/2022\/03\/thumbnail-Rainbow-flower-tempera.jpg 1920w\" sizes=\"auto, (max-width: 300px) 100vw, 300px\" \/><\/a><\/p>\n<p><em>youtube video<\/em><\/p>\n","protected":false},"excerpt":{"rendered":"<p>Hoch pigmentierte Farbbl\u00f6cke zum Malen ohne Geklecker.<\/p>\n","protected":false},"featured_media":19311,"comment_status":"open","ping_status":"closed","template":"","meta":{"_acf_changed":false},"product_brand":[],"product_cat":[180],"product_tag":[],"class_list":{"0":"post-11304","1":"product","2":"type-product","3":"status-publish","4":"has-post-thumbnail","6":"product_cat-farbprodukte","8":"first","9":"instock","10":"shipping-taxable","11":"purchasable","12":"product-type-variable"},"acf":[],"yoast_head":"<!-- This site is optimized with the Yoast SEO plugin v27.2 - https:\/\/yoast.com\/product\/yoast-seo-wordpress\/ -->\n<title>Colorall Tempera Bl\u00f6cke - Collall<\/title>\n<meta name=\"description\" content=\"Colorall Tempera Bl\u00f6cke. Hoch pigmentierte Farbbl\u00f6cke zum Malen ohne Geklecker.\" \/>\n<meta name=\"robots\" content=\"index, follow, max-snippet:-1, max-image-preview:large, max-video-preview:-1\" \/>\n<link rel=\"canonical\" href=\"https:\/\/collall.nl\/de\/product\/colorall-tempera-blocke\/\" \/>\n<meta property=\"og:locale\" content=\"de_DE\" \/>\n<meta property=\"og:type\" content=\"article\" \/>\n<meta property=\"og:title\" content=\"Colorall Tempera Bl\u00f6cke - Collall\" \/>\n<meta property=\"og:description\" content=\"Colorall Tempera Bl\u00f6cke. Hoch pigmentierte Farbbl\u00f6cke zum Malen ohne Geklecker.\" \/>\n<meta property=\"og:url\" content=\"https:\/\/collall.nl\/de\/product\/colorall-tempera-blocke\/\" \/>\n<meta property=\"og:site_name\" content=\"Collall\" \/>\n<meta property=\"article:publisher\" content=\"https:\/\/www.facebook.com\/people\/Collall\/100064976852539\/\" \/>\n<meta property=\"article:modified_time\" content=\"2022-12-06T10:43:33+00:00\" \/>\n<meta property=\"og:image\" content=\"http:\/\/collall.nl\/wp-content\/uploads\/2022\/03\/COLPB4430.jpg\" \/>\n\t<meta property=\"og:image:width\" content=\"800\" \/>\n\t<meta property=\"og:image:height\" content=\"800\" \/>\n\t<meta property=\"og:image:type\" content=\"image\/jpeg\" \/>\n<meta name=\"twitter:card\" content=\"summary_large_image\" \/>\n<meta name=\"twitter:label1\" content=\"Gesch\u00e4tzte Lesezeit\" \/>\n\t<meta name=\"twitter:data1\" content=\"1\u00a0Minute\" \/>\n<script type=\"application\/ld+json\" class=\"yoast-schema-graph\">{\"@context\":\"https:\/\/schema.org\",\"@graph\":[{\"@type\":\"WebPage\",\"@id\":\"https:\/\/collall.nl\/de\/product\/colorall-tempera-blocke\/\",\"url\":\"https:\/\/collall.nl\/de\/product\/colorall-tempera-blocke\/\",\"name\":\"Colorall Tempera Bl\u00f6cke - Collall\",\"isPartOf\":{\"@id\":\"https:\/\/collall.nl\/#website\"},\"primaryImageOfPage\":{\"@id\":\"https:\/\/collall.nl\/de\/product\/colorall-tempera-blocke\/#primaryimage\"},\"image\":{\"@id\":\"https:\/\/collall.nl\/de\/product\/colorall-tempera-blocke\/#primaryimage\"},\"thumbnailUrl\":\"https:\/\/collall.nl\/wp-content\/uploads\/2022\/03\/COLPB4430.jpg\",\"datePublished\":\"2022-03-01T09:26:04+00:00\",\"dateModified\":\"2022-12-06T10:43:33+00:00\",\"description\":\"Colorall Tempera Bl\u00f6cke. Hoch pigmentierte Farbbl\u00f6cke zum Malen ohne Geklecker.\",\"breadcrumb\":{\"@id\":\"https:\/\/collall.nl\/de\/product\/colorall-tempera-blocke\/#breadcrumb\"},\"inLanguage\":\"de\",\"potentialAction\":[{\"@type\":\"ReadAction\",\"target\":[\"https:\/\/collall.nl\/de\/product\/colorall-tempera-blocke\/\"]}]},{\"@type\":\"ImageObject\",\"inLanguage\":\"de\",\"@id\":\"https:\/\/collall.nl\/de\/product\/colorall-tempera-blocke\/#primaryimage\",\"url\":\"https:\/\/collall.nl\/wp-content\/uploads\/2022\/03\/COLPB4430.jpg\",\"contentUrl\":\"https:\/\/collall.nl\/wp-content\/uploads\/2022\/03\/COLPB4430.jpg\",\"width\":800,\"height\":800,\"caption\":\"Colorall Verfblokken geel\"},{\"@type\":\"BreadcrumbList\",\"@id\":\"https:\/\/collall.nl\/de\/product\/colorall-tempera-blocke\/#breadcrumb\",\"itemListElement\":[{\"@type\":\"ListItem\",\"position\":1,\"name\":\"Home\",\"item\":\"https:\/\/collall.nl\/de\/\"},{\"@type\":\"ListItem\",\"position\":2,\"name\":\"Produkte\",\"item\":\"https:\/\/collall.nl\/de\/produkte\/\"},{\"@type\":\"ListItem\",\"position\":3,\"name\":\"Colorall Tempera Bl\u00f6cke\"}]},{\"@type\":\"WebSite\",\"@id\":\"https:\/\/collall.nl\/#website\",\"url\":\"https:\/\/collall.nl\/\",\"name\":\"Collall\",\"description\":\"Adhesives &amp; Paints since 1949\",\"publisher\":{\"@id\":\"https:\/\/collall.nl\/#organization\"},\"potentialAction\":[{\"@type\":\"SearchAction\",\"target\":{\"@type\":\"EntryPoint\",\"urlTemplate\":\"https:\/\/collall.nl\/?s={search_term_string}\"},\"query-input\":{\"@type\":\"PropertyValueSpecification\",\"valueRequired\":true,\"valueName\":\"search_term_string\"}}],\"inLanguage\":\"de\"},{\"@type\":\"Organization\",\"@id\":\"https:\/\/collall.nl\/#organization\",\"name\":\"Collall B.V.\",\"url\":\"https:\/\/collall.nl\/\",\"logo\":{\"@type\":\"ImageObject\",\"inLanguage\":\"de\",\"@id\":\"https:\/\/collall.nl\/#\/schema\/logo\/image\/\",\"url\":\"https:\/\/collall.nl\/wp-content\/uploads\/2022\/08\/Collall-logo-186C_Reflex-blue.jpg\",\"contentUrl\":\"https:\/\/collall.nl\/wp-content\/uploads\/2022\/08\/Collall-logo-186C_Reflex-blue.jpg\",\"width\":1963,\"height\":1179,\"caption\":\"Collall B.V.\"},\"image\":{\"@id\":\"https:\/\/collall.nl\/#\/schema\/logo\/image\/\"},\"sameAs\":[\"https:\/\/www.facebook.com\/people\/Collall\/100064976852539\/\",\"https:\/\/www.instagram.com\/collall_1949\/\",\"https:\/\/nl.pinterest.com\/CollallBV\/\",\"https:\/\/www.youtube.com\/channel\/UCrCGuwth_udZhTqJSh5g9zg\"]}]}<\/script>\n<!-- \/ Yoast SEO plugin. -->","yoast_head_json":{"title":"Colorall Tempera Bl\u00f6cke - Collall","description":"Colorall Tempera Bl\u00f6cke. Hoch pigmentierte Farbbl\u00f6cke zum Malen ohne Geklecker.","robots":{"index":"index","follow":"follow","max-snippet":"max-snippet:-1","max-image-preview":"max-image-preview:large","max-video-preview":"max-video-preview:-1"},"canonical":"https:\/\/collall.nl\/de\/product\/colorall-tempera-blocke\/","og_locale":"de_DE","og_type":"article","og_title":"Colorall Tempera Bl\u00f6cke - Collall","og_description":"Colorall Tempera Bl\u00f6cke. Hoch pigmentierte Farbbl\u00f6cke zum Malen ohne Geklecker.","og_url":"https:\/\/collall.nl\/de\/product\/colorall-tempera-blocke\/","og_site_name":"Collall","article_publisher":"https:\/\/www.facebook.com\/people\/Collall\/100064976852539\/","article_modified_time":"2022-12-06T10:43:33+00:00","og_image":[{"width":800,"height":800,"url":"http:\/\/collall.nl\/wp-content\/uploads\/2022\/03\/COLPB4430.jpg","type":"image\/jpeg"}],"twitter_card":"summary_large_image","twitter_misc":{"Gesch\u00e4tzte Lesezeit":"1\u00a0Minute"},"schema":{"@context":"https:\/\/schema.org","@graph":[{"@type":"WebPage","@id":"https:\/\/collall.nl\/de\/product\/colorall-tempera-blocke\/","url":"https:\/\/collall.nl\/de\/product\/colorall-tempera-blocke\/","name":"Colorall Tempera Bl\u00f6cke - Collall","isPartOf":{"@id":"https:\/\/collall.nl\/#website"},"primaryImageOfPage":{"@id":"https:\/\/collall.nl\/de\/product\/colorall-tempera-blocke\/#primaryimage"},"image":{"@id":"https:\/\/collall.nl\/de\/product\/colorall-tempera-blocke\/#primaryimage"},"thumbnailUrl":"https:\/\/collall.nl\/wp-content\/uploads\/2022\/03\/COLPB4430.jpg","datePublished":"2022-03-01T09:26:04+00:00","dateModified":"2022-12-06T10:43:33+00:00","description":"Colorall Tempera Bl\u00f6cke. Hoch pigmentierte Farbbl\u00f6cke zum Malen ohne Geklecker.","breadcrumb":{"@id":"https:\/\/collall.nl\/de\/product\/colorall-tempera-blocke\/#breadcrumb"},"inLanguage":"de","potentialAction":[{"@type":"ReadAction","target":["https:\/\/collall.nl\/de\/product\/colorall-tempera-blocke\/"]}]},{"@type":"ImageObject","inLanguage":"de","@id":"https:\/\/collall.nl\/de\/product\/colorall-tempera-blocke\/#primaryimage","url":"https:\/\/collall.nl\/wp-content\/uploads\/2022\/03\/COLPB4430.jpg","contentUrl":"https:\/\/collall.nl\/wp-content\/uploads\/2022\/03\/COLPB4430.jpg","width":800,"height":800,"caption":"Colorall Verfblokken geel"},{"@type":"BreadcrumbList","@id":"https:\/\/collall.nl\/de\/product\/colorall-tempera-blocke\/#breadcrumb","itemListElement":[{"@type":"ListItem","position":1,"name":"Home","item":"https:\/\/collall.nl\/de\/"},{"@type":"ListItem","position":2,"name":"Produkte","item":"https:\/\/collall.nl\/de\/produkte\/"},{"@type":"ListItem","position":3,"name":"Colorall Tempera Bl\u00f6cke"}]},{"@type":"WebSite","@id":"https:\/\/collall.nl\/#website","url":"https:\/\/collall.nl\/","name":"Collall","description":"Adhesives &amp; Paints since 1949","publisher":{"@id":"https:\/\/collall.nl\/#organization"},"potentialAction":[{"@type":"SearchAction","target":{"@type":"EntryPoint","urlTemplate":"https:\/\/collall.nl\/?s={search_term_string}"},"query-input":{"@type":"PropertyValueSpecification","valueRequired":true,"valueName":"search_term_string"}}],"inLanguage":"de"},{"@type":"Organization","@id":"https:\/\/collall.nl\/#organization","name":"Collall B.V.","url":"https:\/\/collall.nl\/","logo":{"@type":"ImageObject","inLanguage":"de","@id":"https:\/\/collall.nl\/#\/schema\/logo\/image\/","url":"https:\/\/collall.nl\/wp-content\/uploads\/2022\/08\/Collall-logo-186C_Reflex-blue.jpg","contentUrl":"https:\/\/collall.nl\/wp-content\/uploads\/2022\/08\/Collall-logo-186C_Reflex-blue.jpg","width":1963,"height":1179,"caption":"Collall B.V."},"image":{"@id":"https:\/\/collall.nl\/#\/schema\/logo\/image\/"},"sameAs":["https:\/\/www.facebook.com\/people\/Collall\/100064976852539\/","https:\/\/www.instagram.com\/collall_1949\/","https:\/\/nl.pinterest.com\/CollallBV\/","https:\/\/www.youtube.com\/channel\/UCrCGuwth_udZhTqJSh5g9zg"]}]}},"_links":{"self":[{"href":"https:\/\/collall.nl\/de\/wp-json\/wp\/v2\/product\/11304","targetHints":{"allow":["GET"]}}],"collection":[{"href":"https:\/\/collall.nl\/de\/wp-json\/wp\/v2\/product"}],"about":[{"href":"https:\/\/collall.nl\/de\/wp-json\/wp\/v2\/types\/product"}],"replies":[{"embeddable":true,"href":"https:\/\/collall.nl\/de\/wp-json\/wp\/v2\/comments?post=11304"}],"wp:featuredmedia":[{"embeddable":true,"href":"https:\/\/collall.nl\/de\/wp-json\/wp\/v2\/media\/19311"}],"wp:attachment":[{"href":"https:\/\/collall.nl\/de\/wp-json\/wp\/v2\/media?parent=11304"}],"wp:term":[{"taxonomy":"product_brand","embeddable":true,"href":"https:\/\/collall.nl\/de\/wp-json\/wp\/v2\/product_brand?post=11304"},{"taxonomy":"product_cat","embeddable":true,"href":"https:\/\/collall.nl\/de\/wp-json\/wp\/v2\/product_cat?post=11304"},{"taxonomy":"product_tag","embeddable":true,"href":"https:\/\/collall.nl\/de\/wp-json\/wp\/v2\/product_tag?post=11304"}],"curies":[{"name":"wp","href":"https:\/\/api.w.org\/{rel}","templated":true}]}}

Colorall Tempera Blöcke

<p>Hoch pigmentierte Farbblöcke zum Malen ohne Geklecker. Sehr preisgünstige, qualitativ gute und ergiebige Plakatfarbe. Durch Hinzufügung von Wasser entsteht mithilfe eines Pinsels oder Schwammpinsels eine schöne, optimal deckende Farbe.</p>
<p>Das Collall-Sortiment bietet auch praktische stapelbare Farbschalen, mit denen die Farbblöcke einfach, sauber und platzsparend aufbewahrt werden können. In der speziellen Regenbogenschale können Sie die Paintpucks aufrecht platzieren. So können Sie mit einem einzigen (Schwamm-) Pinselstrich mit 4 verschiedenen Farben gleichzeitig einen Regenbogen, Blumen und andere Kreationen malen.</p>
<p>&nbsp;</p>
<p><a href="https://www.youtube.com/watch?v=g0vv8zQswj0" target="_blank" rel="noopener"><img loading="lazy" decoding="async" class="alignnone wp-image-23262 size-medium" src="http://collall.nl/wp-content/uploads/2022/03/thumbnail-Rainbow-flower-tempera-300x169.jpg" alt="Colorall verblokken" width="300" height="169" srcset="https://collall.nl/wp-content/uploads/2022/03/thumbnail-Rainbow-flower-tempera-300x169.jpg 300w, https://collall.nl/wp-content/uploads/2022/03/thumbnail-Rainbow-flower-tempera-1024x576.jpg 1024w, https://collall.nl/wp-content/uploads/2022/03/thumbnail-Rainbow-flower-tempera-768x432.jpg 768w, https://collall.nl/wp-content/uploads/2022/03/thumbnail-Rainbow-flower-tempera-1536x864.jpg 1536w, https://collall.nl/wp-content/uploads/2022/03/thumbnail-Rainbow-flower-tempera-420x236.jpg 420w, https://collall.nl/wp-content/uploads/2022/03/thumbnail-Rainbow-flower-tempera-600x338.jpg 600w, https://collall.nl/wp-content/uploads/2022/03/thumbnail-Rainbow-flower-tempera.jpg 1920w" sizes="auto, (max-width: 300px) 100vw, 300px" /></a></p>
<p><em>youtube video</em></p>

<p>Hoch pigmentierte Farbblöcke zum Malen ohne Geklecker.</p>

<!-- This site is optimized with the Yoast SEO plugin v27.2 - https://yoast.com/product/yoast-seo-wordpress/ -->
<title>Colorall Tempera Blöcke - Collall</title>
<meta name="description" content="Colorall Tempera Blöcke. Hoch pigmentierte Farbblöcke zum Malen ohne Geklecker." />
<meta name="robots" content="index, follow, max-snippet:-1, max-image-preview:large, max-video-preview:-1" />
<link rel="canonical" href="https://collall.nl/de/product/colorall-tempera-blocke/" />
<meta property="og:locale" content="de_DE" />
<meta property="og:type" content="article" />
<meta property="og:title" content="Colorall Tempera Blöcke - Collall" />
<meta property="og:description" content="Colorall Tempera Blöcke. Hoch pigmentierte Farbblöcke zum Malen ohne Geklecker." />
<meta property="og:url" content="https://collall.nl/de/product/colorall-tempera-blocke/" />
<meta property="og:site_name" content="Collall" />
<meta property="article:publisher" content="https://www.facebook.com/people/Collall/100064976852539/" />
<meta property="article:modified_time" content="2022-12-06T10:43:33+00:00" />
<meta property="og:image" content="http://collall.nl/wp-content/uploads/2022/03/COLPB4430.jpg" />
	<meta property="og:image:width" content="800" />
	<meta property="og:image:height" content="800" />
	<meta property="og:image:type" content="image/jpeg" />
<meta name="twitter:card" content="summary_large_image" />
<meta name="twitter:label1" content="Geschätzte Lesezeit" />
	<meta name="twitter:data1" content="1 Minute" />
<script type="application/ld+json" class="yoast-schema-graph">{"@context":"https://schema.org","@graph":[{"@type":"WebPage","@id":"https://collall.nl/de/product/colorall-tempera-blocke/","url":"https://collall.nl/de/product/colorall-tempera-blocke/","name":"Colorall Tempera Blöcke - Collall","isPartOf":{"@id":"https://collall.nl/#website"},"primaryImageOfPage":{"@id":"https://collall.nl/de/product/colorall-tempera-blocke/#primaryimage"},"image":{"@id":"https://collall.nl/de/product/colorall-tempera-blocke/#primaryimage"},"thumbnailUrl":"https://collall.nl/wp-content/uploads/2022/03/COLPB4430.jpg","datePublished":"2022-03-01T09:26:04+00:00","dateModified":"2022-12-06T10:43:33+00:00","description":"Colorall Tempera Blöcke. Hoch pigmentierte Farbblöcke zum Malen ohne Geklecker.","breadcrumb":{"@id":"https://collall.nl/de/product/colorall-tempera-blocke/#breadcrumb"},"inLanguage":"de","potentialAction":[{"@type":"ReadAction","target":["https://collall.nl/de/product/colorall-tempera-blocke/"]}]},{"@type":"ImageObject","inLanguage":"de","@id":"https://collall.nl/de/product/colorall-tempera-blocke/#primaryimage","url":"https://collall.nl/wp-content/uploads/2022/03/COLPB4430.jpg","contentUrl":"https://collall.nl/wp-content/uploads/2022/03/COLPB4430.jpg","width":800,"height":800,"caption":"Colorall Verfblokken geel"},{"@type":"BreadcrumbList","@id":"https://collall.nl/de/product/colorall-tempera-blocke/#breadcrumb","itemListElement":[{"@type":"ListItem","position":1,"name":"Home","item":"https://collall.nl/de/"},{"@type":"ListItem","position":2,"name":"Produkte","item":"https://collall.nl/de/produkte/"},{"@type":"ListItem","position":3,"name":"Colorall Tempera Blöcke"}]},{"@type":"WebSite","@id":"https://collall.nl/#website","url":"https://collall.nl/","name":"Collall","description":"Adhesives &amp; Paints since 1949","publisher":{"@id":"https://collall.nl/#organization"},"potentialAction":[{"@type":"SearchAction","target":{"@type":"EntryPoint","urlTemplate":"https://collall.nl/?s={search_term_string}"},"query-input":{"@type":"PropertyValueSpecification","valueRequired":true,"valueName":"search_term_string"}}],"inLanguage":"de"},{"@type":"Organization","@id":"https://collall.nl/#organization","name":"Collall B.V.","url":"https://collall.nl/","logo":{"@type":"ImageObject","inLanguage":"de","@id":"https://collall.nl/#/schema/logo/image/","url":"https://collall.nl/wp-content/uploads/2022/08/Collall-logo-186C_Reflex-blue.jpg","contentUrl":"https://collall.nl/wp-content/uploads/2022/08/Collall-logo-186C_Reflex-blue.jpg","width":1963,"height":1179,"caption":"Collall B.V."},"image":{"@id":"https://collall.nl/#/schema/logo/image/"},"sameAs":["https://www.facebook.com/people/Collall/100064976852539/","https://www.instagram.com/collall_1949/","https://nl.pinterest.com/CollallBV/","https://www.youtube.com/channel/UCrCGuwth_udZhTqJSh5g9zg"]}]}</script>
<!-- / Yoast SEO plugin. -->

Colorall Tempera Blöcke - Collall

Colorall Tempera Blöcke. Hoch pigmentierte Farbblöcke zum Malen ohne Geklecker.
